{"id":229,"date":"2026-02-15T01:14:12","date_gmt":"2026-02-15T00:14:12","guid":{"rendered":"https:\/\/oel2025.synology.me\/index.php\/reinitialiser\/"},"modified":"2026-02-15T01:17:21","modified_gmt":"2026-02-15T00:17:21","slug":"reinitialiser","status":"publish","type":"page","link":"https:\/\/oel2025.synology.me\/index.php\/reinitialiser\/","title":{"rendered":"R\u00e9initialiser le mot de passe"},"content":{"rendered":"<div class=\"uwp-reset-class bsui sdel-52a20fce\" ><div class=\"uwp_widgets uwp_widget_reset\"><div class=\"uwp_page\">\t<div class=\"row\">\n\t\t<div class=\"card mx-auto container-fluid p-0 border-0\" >\n\t\t\t<div class=\"card-body\">\n\t\t\t\t<h3 class=\"card-title text-center mb-4\">R\u00e9initialiser le mot de passe<\/h3>\n\t\t\t\t\n\t\t\t\t<div class=\"alert alert-danger \" role=\"alert\" ><i class=\"fas fa-exclamation-circle\"><\/i> Vous ne pouvez pas acc\u00e9der directement \u00e0 cette page. Suivez le lien de r\u00e9initialisation de mot de passe que vous avez re\u00e7u dans votre e-mail. Pour demander un nouveau lien de r\u00e9initialisation de mot de passe <a href=\"https:\/\/oel2025.synology.me\/index.php\/oublie\/\">voir ici<\/a>.<\/div>\n\t\t\t\t<div class=\"uwp-footer-links\">\n\t\t\t\t\t<div class=\"uwp-footer-link float-start\">\n\t\t\t\t\t\t<a href=\"https:\/\/oel2025.synology.me\/index.php\/connexion\/\" class=\"d-block text-center mt-2 small\"  rel=\"nofollow\"  >Se connecter<\/a>\n\t\t\t\t\t<\/div>\n\t\t\t\t\t<div class=\"uwp-footer-link float-end\">\n\t\t\t\t\t\t<a href=\"https:\/\/oel2025.synology.me\/index.php\/sinscrire\/\" class=\"d-block text-center mt-2 small\"  rel=\"nofollow\"  >Cr\u00e9er un compte<\/a>\n\t\t\t\t\t<\/div>\n\t\t\t\t<\/div>\n\n\t\t\t<\/div>\n\t\t<\/div>\n\t<\/div>\n<\/div><\/div>\t<script>\n        jQuery( document ).ready( function( $ ) {\n\n            $( 'body' ).on( 'keyup', 'input[name=password], input[name=confirm_password]',\n                function( event ) {\n                    var $form = $(this).closest('form');\n                    if( ! $form.hasClass('uwp-login-form') ) {\n                        uwp_checkPasswordStrength(\n                            $form.find('input[name=password]'),\n                            $form.find('input[name=confirm_password]'),\n                            $form.find('#uwp-password-strength'),\n                            $form.find('button[type=\"submit\"], input[type=\"submit\"]'),\n                            ['black', 'listed', 'word']\n                        );\n                    }\n                }\n            );\n        });\n\t<\/script><\/div>\n","protected":false},"excerpt":{"rendered":"","protected":false},"author":1,"featured_media":0,"parent":0,"menu_order":0,"comment_status":"closed","ping_status":"closed","template":"","meta":{"_uag_custom_page_level_css":"","site-sidebar-layout":"default","site-content-layout":"","ast-site-content-layout":"default","site-content-style":"default","site-sidebar-style":"default","ast-global-header-display":"","ast-banner-title-visibility":"","ast-main-header-display":"","ast-hfb-above-header-display":"","ast-hfb-below-header-display":"","ast-hfb-mobile-header-display":"","site-post-title":"","ast-breadcrumbs-content":"","ast-featured-img":"","footer-sml-layout":"","ast-disable-related-posts":"","theme-transparent-header-meta":"","adv-header-id-meta":"","stick-header-meta":"","header-above-stick-meta":"","header-main-stick-meta":"","header-below-stick-meta":"","astra-migrate-meta-layouts":"default","ast-page-background-enabled":"default","ast-page-background-meta":{"desktop":{"background-color":"var(--ast-global-color-5)","background-image":"","background-repeat":"repeat","background-position":"center center","background-size":"auto","background-attachment":"scroll","background-type":"","background-media":"","overlay-type":"","overlay-color":"","overlay-opacity":"","overlay-gradient":""},"tablet":{"background-color":"","background-image":"","background-repeat":"repeat","background-position":"center center","background-size":"auto","background-attachment":"scroll","background-type":"","background-media":"","overlay-type":"","overlay-color":"","overlay-opacity":"","overlay-gradient":""},"mobile":{"background-color":"","background-image":"","background-repeat":"repeat","background-position":"center center","background-size":"auto","background-attachment":"scroll","background-type":"","background-media":"","overlay-type":"","overlay-color":"","overlay-opacity":"","overlay-gradient":""}},"ast-content-background-meta":{"desktop":{"background-color":"var(--ast-global-color-4)","background-image":"","background-repeat":"repeat","background-position":"center center","background-size":"auto","background-attachment":"scroll","background-type":"","background-media":"","overlay-type":"","overlay-color":"","overlay-opacity":"","overlay-gradient":""},"tablet":{"background-color":"var(--ast-global-color-4)","background-image":"","background-repeat":"repeat","background-position":"center center","background-size":"auto","background-attachment":"scroll","background-type":"","background-media":"","overlay-type":"","overlay-color":"","overlay-opacity":"","overlay-gradient":""},"mobile":{"background-color":"var(--ast-global-color-4)","background-image":"","background-repeat":"repeat","background-position":"center center","background-size":"auto","background-attachment":"scroll","background-type":"","background-media":"","overlay-type":"","overlay-color":"","overlay-opacity":"","overlay-gradient":""}},"footnotes":""},"class_list":["post-229","page","type-page","status-publish","hentry"],"uagb_featured_image_src":{"full":false,"thumbnail":false,"medium":false,"medium_large":false,"large":false,"1536x1536":false,"2048x2048":false},"uagb_author_info":{"display_name":"FOY","author_link":"https:\/\/oel2025.synology.me\/index.php\/profil\/foy\/"},"uagb_comment_info":0,"uagb_excerpt":null,"_links":{"self":[{"href":"https:\/\/oel2025.synology.me\/index.php\/wp-json\/wp\/v2\/pages\/229","targetHints":{"allow":["GET"]}}],"collection":[{"href":"https:\/\/oel2025.synology.me\/index.php\/wp-json\/wp\/v2\/pages"}],"about":[{"href":"https:\/\/oel2025.synology.me\/index.php\/wp-json\/wp\/v2\/types\/page"}],"author":[{"embeddable":true,"href":"https:\/\/oel2025.synology.me\/index.php\/wp-json\/wp\/v2\/users\/1"}],"replies":[{"embeddable":true,"href":"https:\/\/oel2025.synology.me\/index.php\/wp-json\/wp\/v2\/comments?post=229"}],"version-history":[{"count":1,"href":"https:\/\/oel2025.synology.me\/index.php\/wp-json\/wp\/v2\/pages\/229\/revisions"}],"predecessor-version":[{"id":238,"href":"https:\/\/oel2025.synology.me\/index.php\/wp-json\/wp\/v2\/pages\/229\/revisions\/238"}],"wp:attachment":[{"href":"https:\/\/oel2025.synology.me\/index.php\/wp-json\/wp\/v2\/media?parent=229"}],"curies":[{"name":"wp","href":"https:\/\/api.w.org\/{rel}","templated":true}]}}